51.
3, 71
List the prime factors of 1418.
2, 709
List the prime factors of 13249.
13249
List the prime factors of 324.
2, 3
List the prime factors of 1652.
2, 7, 59
List the prime factors of 2966.
2, 1483
List the prime factors of 3293.
37, 89
What are the prime factors of 1481?
1481
What are the prime factors of 84866?
2, 42433
List the prime factors of 867.
3, 17
What are the prime factors of 1340?
2, 5, 67
What are the prime factors of 81?
3
What are the prime factors of 1039?
1039
List the prime factors of 4181.
37, 113
What are the prime factors of 66982?
2, 107, 313
What are the prime factors of 106152?
2, 3, 4423
What are the prime factors of 958?
2, 479
List the prime factors of 167.
167
List the prime factors of 729.
3
What are the prime factors of 13621?
53, 257
List the prime factors of 1495.
5, 13, 23
What are the prime factors of 7?
7
What are the prime factors of 477?
3, 53
What are the prime factors of 174826?
2, 61, 1433
List the prime factors of 24532.
2, 6133
List the prime factors of 1347.
3, 449
List the prime factors of 5013.
3, 557
What are the prime factors of 22896?
2, 3, 53
List the prime factors of 34884.
2, 3, 17, 19
List the prime factors of 301.
7, 43
List the prime factors of 141166.
2, 70583
What are the prime factors of 2865?
3, 5, 191
List the prime factors of 30806.
2, 73, 211
What are the prime factors of 4867?
31, 157
What are the prime factors of 37378?
2, 11, 1699
List the prime factors of 172210.
2, 5, 17, 1013
What are the prime factors of 1340?
2, 5, 67
List the prime factors of 290.
2, 5, 29
List the prime factors of 23125.
5, 37
List the prime factors of 1397.
11, 127
What are the prime factors of 58789?
58789
What are the prime factors of 2612?
2, 653
What are the prime factors of 619?
619
List the prime factors of 8677.
8677
What are the prime factors of 9565?
5, 1913
List the prime factors of 22306.
2, 19, 587
List the prime factors of 142233.
3, 7, 13, 521
List the prime factors of 670.
2, 5, 67
What are the prime factors of 4876?
2, 23, 53
What are the prime factors of 58618?
2, 7, 53, 79
What are the prime factors of 33437?
29, 1153
List the prime factors of 151747.
43, 3529
List the prime factors of 5847.
3, 1949
List the prime factors of 1706.
2, 853
What are the prime factors of 2475?
3, 5, 11
List the prime factors of 75095.
5, 23, 653
What are the prime factors of 3952?
2, 13, 19
List the prime factors of 6757.
29, 233
List the prime factors of 771.
3, 257
What are the prime factors of 3882?
2, 3, 647
What are the prime factors of 916?
2, 229
What are the prime factors of 412?
2, 103
What are the prime factors of 926?
2, 463
What are the prime factors of 7557?
3, 11, 229
What are the prime factors of 1361?
1361
What are the prime factors of 120862?
2, 7, 89, 97
List the prime factors of 137458.
2, 68729
What are the prime factors of 360?
2, 3, 5
List the prime factors of 7351.
7351
List the prime factors of 3260.
2, 5, 163
What are the prime factors of 6545?
5, 7, 11, 17
List the prime factors of 18982.
2, 9491
List the prime factors of 2586.
2, 3, 431
What are the prime factors of 3265?
5, 653
What are the prime factors of 3977?
41, 97
List the prime factors of 15891.
3, 5297
What are the prime factors of 27820?
2, 5, 13, 107
List the prime factors of 9806.
2, 4903
List the prime factors of 16335.
3, 5, 11
What are the prime factors of 984?
2, 3, 41
List the prime factors of 3664.
2, 229
List the prime factors of 10897.
17, 641
List the prime factors of 1382.
2, 691
What are the prime factors of 67403?
7, 9629
What are the prime factors of 12293?
19, 647
List the prime factors of 8225.
5, 7, 47
List the prime factors of 11860.
2, 5, 593
What are the prime factors of 338?
2, 13
What are the prime factors of 95263?
7, 31, 439
What are the prime factors of 1498?
2, 7, 107
What are the prime factors of 517?
11, 47
List the prime factors of 166.
2, 83
List the prime factors of 3398.
2, 1699
What are the prime factors of 498?
2, 3, 83
What are the prime factors of 3325?
5, 7, 19
What are the prime factors of 78005?
5, 15601
List the prime factors of 114263.
163, 701
List the prime factors of 844.
2, 211
List the prime factors of 5103.
3, 7
What are the prime factors of 2772?
2, 3, 7, 11
What are the prime factors of 25535?
5, 5107
List the prime factors of 46056.
2, 3, 19, 101
List the prime factors of 26152.
2, 7, 467
List the prime factors of 33752.
2, 4219
List the prime factors of 704.
2, 11
What are the prime factors of 865?
5, 173
What are the prime factors of 319?
11, 29
What are the prime factors of 31511?
31511
List the prime factors of 126090.
2, 3, 5, 467
What are the prime factors of 452?
2, 113
What are the prime factors of 28712?
2, 37, 97
What are the prime factors of 979?
11, 89
List the prime factors of 208.
2, 13
List the prime factors of 322.
2, 7, 23
What are the prime factors of 52637?
13, 4049
List the prime factors of 1195.
5, 239
List the prime factors of 12698.
2, 7, 907
What are the prime factors of 1055?
5, 211
List the prime factors of 120614.
2, 13, 4639
List the prime factors of 2103.
3, 701
What are the prime factors of 23228?
2, 5807
What are the prime factors of 28294?
2, 7, 43, 47
List the prime factors of 55908.
2, 3, 1553
List the prime factors of 5880.
2, 3, 5, 7
List the prime factors of 4315.
5, 863
What are the prime factors of 691?
691
List the prime factors of 5041.
71
What are the prime factors of 46426?
2, 139, 167
What are the prime factors of 106316?
2, 7, 3797
List the prime factors of 1129.
1129
List the prime factors of 72774.
2, 3, 13, 311
What are the prime factors of 124?
2, 31
What are the prime factors of 6024?
2, 3, 251
List the prime factors of 956.
2, 239
List the prime factors of 883.
883
List the prime factors of 217.
7, 31
List the prime factors of 832.
2, 13
What are the prime factors of 3610?
2, 5, 19
What are the prime factors of 15476?
2, 53, 73
What are the prime factors of 11889?
3, 1321
List the prime factors of 97084.
2, 13, 1867
List the prime factors of 19335.
3, 5, 1289
What are the prime factors of 1084?
2, 271
What are the prime factors of 6994?
2, 13, 269
List the prime factors of 8665.
5, 1733
What are the prime factors of 23633?
23633
List the prime factors of 1003.
17, 59
List the prime factors of 23388.
2, 3, 1949
List the prime factors of 1431.
3, 53
List the prime factors of 5931.
3, 659
List the prime factors of 1184.
2, 37
What are the prime factors of 6585?
3, 5, 439
List the prime factors of 2857.
2857
What are the prime factors of 3596?
2, 29, 31
What are the prime factors of 13716?
2, 3, 127
List the prime factors of 519.
3, 173
What are the prime factors of 29411?
29411
What are the prime factors of 3153?
3, 1051
List the prime factors of 24821.
24821
List the prime factors of 1043.
7, 149
What are the prime factors of 4849?
13, 373
List the prime factors of 16361.
16361
What are the prime factors of 835?
5, 167
What are the prime factors of 1169?
7, 167
List the prime factors of 54824.
2, 7, 11, 89
What are the prime factors of 1014?
2, 3, 13
List the prime factors of 1604.
2, 401
What are the prime factors of 146?
2, 73
What are the prime factors of 4516?
2, 1129
List the prime factors of 1974.
2, 3, 7, 47
What are the prime factors of 1519?
7, 31
What are the prime factors of 18458?
2, 11, 839
List the prime factors of 10445.
5, 2089
What are the prime factors of 4095?
3, 5, 7, 13
List the prime factors of 27606.
2, 3, 43, 107
List the prime factors of 2450.
2, 5, 7
List the prime factors of 24811.
43, 577
What are the prime factors of 3549?
3, 7, 13
List the prime factors of 293.
293
What are the prime factors of 1626?
2, 3, 271
What are the prime factors of 7061?
23, 307
What are the prime factors of 22007?
59, 373
List the prime factors of 28069.
28069
What are the prime factors of 7099?
31, 229
List the prime factors of 31136.
2, 7, 139
What are the prime factors of 2470?
2, 5, 13, 19
What are the prime factors of 14700?
2, 3, 5, 7
What are the prime factors of 509?
509
What are the prime factors of 777?
3, 7, 37
List the prime factors of 159268.
2, 29, 1373
What are the prime factors of 2848?
2, 89
What are the prime factors of 4975?
5, 199
What are the prime factors of 1792?
2, 7
What are the pri